{"id":7,"date":"2020-03-17T09:03:22","date_gmt":"2020-03-17T09:03:22","guid":{"rendered":"http:\/\/ready2learn.de\/?page_id=7"},"modified":"2020-03-28T10:21:31","modified_gmt":"2020-03-28T10:21:31","slug":"legasthenie-lrs","status":"publish","type":"page","link":"https:\/\/ready2learn.de\/?page_id=7","title":{"rendered":"Legasthenie"},"content":{"rendered":"\n<p class=\"has-text-color has-luminous-vivid-orange-color\"><em>Noch in Bearbeitung<\/em><\/p>\n\n\n\n<h4 class=\"wp-block-heading\"><strong>Wie erkenne ich Legasthenie?<\/strong><\/h4>\n\n\n\n<p class=\"has-text-align-left\"><strong>Welche Anzeichen f\u00fcr Legasthenie gibt es im Vorschulalter?<br><\/strong>*Das Erlernen des Klarsprechens erfolgt sp\u00e4ter, als erwartet, Phrasen                   werden vermischt bzw. verwechselt.<br>*Das Kind spricht schneller als es handelt.<br>*Verwendung von \u00e4hnlichen oder Ersatzw\u00f6rtern.<br>*Verwendung von falschen Bezeichnungen, z.B. Lampenschirm f\u00fcr   Laternenpfahl.<br>*Durcheinanderbringen von richtungweisenden W\u00f6rtern, z.B. hinauf\/hinunter, innen\/au\u00dfen.<br>*Erh\u00f6hte Kreativit\u00e4t<br>*Probleme beim Erlernen von Kinderliedern<br>*Probleme beim Reimen von W\u00f6rtern<br>*Problem beim Herausfinden eines nicht passenden Wortes<br>*Krabbelte nicht oder nur wenig ausgiebig<br>*Probleme mit \u201eAbl\u00e4ufen\u201c (Reihungen), z.B. farbige Perlen aneinanderreihen<\/p>\n\n\n\n<p><strong>Welche Anzeichen f\u00fcr Legasthenie gibt es bei Kindern unter oder mit 9 Jahren?<br><\/strong>*gro\u00dfe Schwierigkeiten beim Lernen des Lesens und Schreibens<br>*st\u00e4ndiges und fortlaufendes Vertauschen von Zahlen und Buchstaben, z.B. 15 f\u00fcr 51; b f\u00fcr d<br>*Problem beim Unterscheiden von rechts und links<br>*Schwierigkeiten beim Behalten des Alphabets, beim Multiplizieren von Tabellen und im Erinnern von Reihenfolgen wie z.B. der Tage der Woche, der Monate des Jahres und der Jahreszeiten<br>*Fortlaufende Schwierigkeiten beim Binden von Schuhb\u00e4ndern, Ball fangen, Seilspringen usw.<br>*Unaufmerksamkeit<br>*Frustration, die zu Verhaltensproblemen f\u00fchren kann<\/p>\n\n\n\n<p><strong>Welche Anzeichen f\u00fcr Legasthenie gibt es bei Kindern von 9 \u2013 12 Jahren?<br><\/strong>*fortlaufende Fehler beim Lesen, Fehlen des Leseverst\u00e4ndnisses<br>*sonderbare Aussprache, Buchstaben werden z.B. ausgelassen oder in der falschen Reihenfolge ausgesprochen<br>*f\u00fcr Schreibarbeiten wird eine \u00fcberdurchschnittlich lange Zeit ben\u00f6tigt<br>*Desorganisation zu Hause und in der Schule<br>*Probleme beim genauen Abschreiben von der Tafel oder dem Lehrbuch<br>\u2013 Probleme beim Niederschreiben (Aufschreiben) von m\u00fcndlichen Anweisungen<br>*Wachsender Mangel an Selbstvertrauen und wachsende Frustration<\/p>\n\n\n\n<p><strong>Welche Anzeichen f\u00fcr Legasthenie gibt es bei Sch\u00fclern mit 12 Jahren und \u00e4lter?<br><\/strong>*Neigung falsch (ungenau) oder nicht zusammenh\u00e4ngend zu lesen<br>*inkonsequentes Buchstabieren<br>*Probleme beim Planen (Entwerfen) und Schreiben von Aufs\u00e4tzen<br>*Neigung, m\u00fcndliche Anweisungen und Telefonnummern durcheinander zu bringen<br>*ernsthafte Problem mit fremden Sprachen<br>*geringes Selbstvertrauen<\/p>\n","protected":false},"excerpt":{"rendered":"<p>Noch in Bearbeitung Wie erkenne ich Legasthenie? Welche Anzeichen f\u00fcr Legasthenie gibt es im Vorschulalter?*Das Erlernen des Klarsprechens erfolgt sp\u00e4ter, als erwartet, Phrasen werden vermischt bzw. verwechselt.*Das Kind spricht schneller als es handelt.*Verwendung von \u00e4hnlichen oder Ersatzw\u00f6rtern.*Verwendung von falschen Bezeichnungen, &hellip; <\/p>\n","protected":false},"author":1,"featured_media":0,"parent":0,"menu_order":0,"comment_status":"closed","ping_status":"closed","template":"","meta":{"footnotes":""},"class_list":["post-7","page","type-page","status-publish","hentry"],"_links":{"self":[{"href":"https:\/\/ready2learn.de\/index.php?rest_route=\/wp\/v2\/pages\/7","targetHints":{"allow":["GET"]}}],"collection":[{"href":"https:\/\/ready2learn.de\/index.php?rest_route=\/wp\/v2\/pages"}],"about":[{"href":"https:\/\/ready2learn.de\/index.php?rest_route=\/wp\/v2\/types\/page"}],"author":[{"embeddable":true,"href":"https:\/\/ready2learn.de\/index.php?rest_route=\/wp\/v2\/users\/1"}],"replies":[{"embeddable":true,"href":"https:\/\/ready2learn.de\/index.php?rest_route=%2Fwp%2Fv2%2Fcomments&post=7"}],"version-history":[{"count":8,"href":"https:\/\/ready2learn.de\/index.php?rest_route=\/wp\/v2\/pages\/7\/revisions"}],"predecessor-version":[{"id":633,"href":"https:\/\/ready2learn.de\/index.php?rest_route=\/wp\/v2\/pages\/7\/revisions\/633"}],"wp:attachment":[{"href":"https:\/\/ready2learn.de\/index.php?rest_route=%2Fwp%2Fv2%2Fmedia&parent=7"}],"curies":[{"name":"wp","href":"https:\/\/api.w.org\/{rel}","templated":true}]}}