{"id":101,"date":"2020-03-17T14:25:42","date_gmt":"2020-03-17T14:25:42","guid":{"rendered":"http:\/\/ready2learn.de\/?page_id=101"},"modified":"2020-03-24T10:45:42","modified_gmt":"2020-03-24T10:45:42","slug":"dyskalkulie","status":"publish","type":"page","link":"https:\/\/ready2learn.de\/?page_id=101","title":{"rendered":"Dyskalkulie"},"content":{"rendered":"\n<figure class=\"wp-block-image size-large is-resized is-style-default\"><img loading=\"lazy\" decoding=\"async\" src=\"http:\/\/ready2learn.de\/wp-content\/uploads\/2020\/03\/DyskalulieEule.jpg\" alt=\"\" class=\"wp-image-537\" width=\"166\" height=\"168\" srcset=\"https:\/\/ready2learn.de\/wp-content\/uploads\/2020\/03\/DyskalulieEule.jpg 451w, https:\/\/ready2learn.de\/wp-content\/uploads\/2020\/03\/DyskalulieEule-297x300.jpg 297w, https:\/\/ready2learn.de\/wp-content\/uploads\/2020\/03\/DyskalulieEule-60x60.jpg 60w\" sizes=\"auto, (max-width: 166px) 100vw, 166px\" \/><\/figure>\n\n\n\n<p>\u201cEin dyskalkuler Mensch, bei guter oder durchschnittlicher Intelligenz, nimmt seine Umwelt differenziert anders wahr, seine Aufmerksamkeit l\u00e4sst, wenn er auf Symbole, wie Zahlen trifft, nach, da er sie durch seine differenzierten Teilleistungen anders empfindet als nicht dyskalkule Menschen, dadurch ergeben sich Schwierigkeiten beim Erlernen des Rechnens.\u201c  (Definition nach Dr. Astrid Kopp &#8211; Duller 1995)<\/p>\n\n\n\n<p>Menschen mit einer Dyskalkulie haben eine  zeitweise Unaufmerksamkeit beim Rechnen und finden m\u00fchevoll wieder zur\u00fcck zur Aufgabe. Sie haben differente Sinneswahrnehmungen, d. h. Auff\u00e4lligkeiten im optischen, akustischen und\/oder r\u00e4umlichen Bereich und Fehler bzw. Wahrnehmungsfehler beim Rechnen.<\/p>\n\n\n\n<h5 class=\"wp-block-heading\"><strong>Was ist eine Dyskalkulie?<\/strong><\/h5>\n\n\n\n<p>Dyskalkulie, \u00e4hnlich einer Legasthenie; ist eine im Menschen vorhandene genbedingte, durch Vererbung weitergegebene Veranlagungen. Durch gengesteuerte Entwicklungsprozesse im Gehirn werden die Sinneswahrnehmungen beeinflusst. Dyskalkulie ist eine spezielle Teilleistungsschw\u00e4che. Best\u00e4ndige Minderleistungen im Lernstoff des arithmetischen Grundschulbereiches  werden deutlich , wobei die betroffenen Sch\u00fcler mit ihrer subjektiven Logik in systematisierbarer Art und Weise Fehler machen, die bekannten  nachweisbaren Fehlertypen entsprechen. <\/p>\n\n\n\n<h5 class=\"wp-block-heading\"><strong>Was sind die wichtigsten Symptome f\u00fcr eine Dyskalkulie?<\/strong><\/h5>\n\n\n\n<p>*Angst vor der Mathematik.<br>*Angst vor den Klassenarbeiten in Mathematik.<br>*Angst vor der Lehrperson in Mathematik.<br>*St\u00e4ndige Misserfolge im Fach Mathematik, obwohl vorher \u201eerfolgreich\u201c ge\u00fcbt wurde.<br>*Im Vergleich zu anderen Sch\u00fclern und F\u00e4chern hoher Zeitaufwand f\u00fcr die Hausaufgaben in Mathematik.<br>*Orientierungsprobleme wie z.B. Probleme beim Positionierungen wie oben, unten, links, rechts und zwischen. Einer und Zehner werden h\u00e4ufig verwechselt, \u00e4hnliche Ziffern wie 9 und 6 werden h\u00e4ufig verwechselt.<br>*Die Aufgabenstellungen werden zumeist z\u00e4hlend bew\u00e4ltigt. Das Kind hat Probleme, r\u00fcckw\u00e4rts zu z\u00e4hlen und nur aus der Vorstellung heraus abzuz\u00e4hlen, z.B. \u201eIn unserem Wohnzimmer stehen\u2026, 6 St\u00fchle!\u201c<br>*Es werden oft die Rechenarten \u2013minus mit plus, mal mit plus vertauscht. *Sie haben oft Schwierigkeiten mit Sachaufgaben, k\u00f6nnen sich das Einmaleins nur schwer merken.                                                                             *Im Zusammenhang mit der Null treten h\u00e4ufig Fehler auf.<br>*H\u00e4ufig haben sie Schwierigkeiten, die Uhr zu lesen<\/p>\n\n\n\n<h5 class=\"wp-block-heading\"><strong>Dyskalkulietraining<\/strong><\/h5>\n\n\n\n<p>Erarbeitet man mit allen Kindern, die Dyskalkulie haben, zuerst nochmals die Zahlensymbole, die Menge, die Operationszeichen und f\u00e4hrt man dann fort mit dem Zehneraufbau \u2013 oder l\u00e4uft da auch manches parallel?<br>Manchmal muss man tats\u00e4chlich auch noch mit \u00e4lteren Kindern sehr basal beginnen! Zuerst muss man feststellen, wo das jeweilige Kind steht und hier kontinuierlich mit dem Aufbau beginnen.<\/p>\n\n\n\n<h5 class=\"wp-block-heading\"><strong>Was sollte im Dyskalkulietraining gef\u00f6rdert werden?<\/strong><\/h5>\n\n\n\n<p>Man sollte, besonders unter der Ber\u00fccksichtigung der Entwicklungsbesonderheiten des Kindes, vom konkreten Handeln und Operieren mit Materialien ausgehen. Viele bildhafte Darstellungen, die dann ins Abstraktere f\u00fchren sollten, k\u00f6nnen das Verst\u00e4ndnis der Zeichen f\u00f6rdern. Hilfreich ist dabei Konkretes neben Bildhaftes und Abstraktes zu legen, um vom Konkreten zum abstrakten Zeichen das Verst\u00e4ndnis des Kindes zu f\u00fchren.<\/p>\n\n\n\n<p>Quelle: <a rel=\"noreferrer noopener\" aria-label=\"https:\/\/www.legasthenieverband.org\/fragen_und_antworten\/ (\u00f6ffnet in neuem Tab)\" href=\"https:\/\/www.legasthenieverband.org\/fragen_und_antworten\/\" target=\"_blank\">https:\/\/www.legasthenieverband.org<\/a><\/p>\n","protected":false},"excerpt":{"rendered":"<p>\u201cEin dyskalkuler Mensch, bei guter oder durchschnittlicher Intelligenz, nimmt seine Umwelt differenziert anders wahr, seine Aufmerksamkeit l\u00e4sst, wenn er auf Symbole, wie Zahlen trifft, nach, da er sie durch seine differenzierten Teilleistungen anders empfindet als nicht dyskalkule Menschen, dadurch ergeben &hellip; <\/p>\n","protected":false},"author":1,"featured_media":0,"parent":0,"menu_order":0,"comment_status":"closed","ping_status":"closed","template":"","meta":{"footnotes":""},"class_list":["post-101","page","type-page","status-publish","hentry"],"_links":{"self":[{"href":"https:\/\/ready2learn.de\/index.php?rest_route=\/wp\/v2\/pages\/101","targetHints":{"allow":["GET"]}}],"collection":[{"href":"https:\/\/ready2learn.de\/index.php?rest_route=\/wp\/v2\/pages"}],"about":[{"href":"https:\/\/ready2learn.de\/index.php?rest_route=\/wp\/v2\/types\/page"}],"author":[{"embeddable":true,"href":"https:\/\/ready2learn.de\/index.php?rest_route=\/wp\/v2\/users\/1"}],"replies":[{"embeddable":true,"href":"https:\/\/ready2learn.de\/index.php?rest_route=%2Fwp%2Fv2%2Fcomments&post=101"}],"version-history":[{"count":13,"href":"https:\/\/ready2learn.de\/index.php?rest_route=\/wp\/v2\/pages\/101\/revisions"}],"predecessor-version":[{"id":562,"href":"https:\/\/ready2learn.de\/index.php?rest_route=\/wp\/v2\/pages\/101\/revisions\/562"}],"wp:attachment":[{"href":"https:\/\/ready2learn.de\/index.php?rest_route=%2Fwp%2Fv2%2Fmedia&parent=101"}],"curies":[{"name":"wp","href":"https:\/\/api.w.org\/{rel}","templated":true}]}}