{"id":451,"date":"2020-03-20T09:40:11","date_gmt":"2020-03-20T09:40:11","guid":{"rendered":"http:\/\/ready2learn.de\/?page_id=451"},"modified":"2020-12-18T12:40:25","modified_gmt":"2020-12-18T12:40:25","slug":"nutzung-der-materialien","status":"publish","type":"page","link":"http:\/\/ready2learn.de\/?page_id=451","title":{"rendered":"Nutzung der Materialien"},"content":{"rendered":"\n<h5 class=\"has-text-align-left wp-block-heading\">Arbeitsmaterialien von ready2learn (Tanja Simons)<\/h5>\n\n\n\n<p class=\"has-small-font-size\"><strong>Die Arbeitsbl\u00e4tter k\u00f6nnen&nbsp;frei&nbsp;f\u00fcr den schulischen und au\u00dferschulischen Bereich oder f\u00fcr private Zwecke eingesetzt werden. Alle Rechte liegen bei mir. Sie d\u00fcrfen die Materialien allerdings nicht kommerziel nutzen. Die Materialien auf den Seiten von ready2learn stehen unter einer&nbsp;<\/strong><a rel=\"noreferrer noopener\" href=\"http:\/\/creativecommons.org\/licenses\/by-nc-sa\/3.0\/de\/\" target=\"_blank\">Creative Commons Namensnennung-Nicht-kommerziell-Weitergabe unter gleichen Bedingungen 3.0 Deutschland Lizenz.<\/a>&nbsp;<\/p>\n\n\n\n<p class=\"has-small-font-size\"><strong>Material u.a. erstellt mit WORKSHEET CRAFTER<\/strong>  <a rel=\"noreferrer noopener\" aria-label=\"WWW.WORKSHEETCRAFTER.DE (\u00f6ffnet in neuem Tab)\" href=\"http:\/\/WWW.WORKSHEETCRAFTER.DE\" target=\"_blank\">WWW.WORKSHEETCRAFTER.DE<\/a> <\/p>\n\n\n\n<p class=\"has-small-font-size\"><strong>DRINGENDE BITTE:<\/strong>&nbsp;Setzen Sie keine Deeplinks zum direkten Download der Dateien bei Umgehung dieser Website! Sie bekommen alle&nbsp;Materialien kostenlos zur Verf\u00fcgung. Da sollte zumindest ein Klick auf die Website m\u00f6glich sein!&nbsp;<\/p>\n\n\n\n<p><\/p>\n\n\n\n<h5 class=\"has-text-align-center wp-block-heading\">Erster \u00d6sterreichischer Dachverband Legasthenie (E\u00d6DL)<\/h5>\n\n\n\n<div class=\"wp-block-image is-style-default\"><figure class=\"aligncenter size-large is-resized\"><img loading=\"lazy\" decoding=\"async\" src=\"http:\/\/ready2learn.de\/wp-content\/uploads\/2020\/03\/E\u00d6DLABLink-1024x205.jpg\" alt=\"\" class=\"wp-image-421\" width=\"351\" height=\"70\" srcset=\"http:\/\/ready2learn.de\/wp-content\/uploads\/2020\/03\/E\u00d6DLABLink-1024x205.jpg 1024w, http:\/\/ready2learn.de\/wp-content\/uploads\/2020\/03\/E\u00d6DLABLink-300x60.jpg 300w, http:\/\/ready2learn.de\/wp-content\/uploads\/2020\/03\/E\u00d6DLABLink-768x154.jpg 768w, http:\/\/ready2learn.de\/wp-content\/uploads\/2020\/03\/E\u00d6DLABLink.jpg 1436w\" sizes=\"auto, (max-width: 351px) 100vw, 351px\" \/><\/figure><\/div>\n\n\n\n<p class=\"has-text-align-center has-small-font-size\"><strong>Alle Arbeitsbl\u00e4tter des E\u00d6DL sind gro\u00dfteils Erstver\u00f6ffentlichungen und werden Ihnen von den diplomierten Legasthenietrainer\/innen und Dyskalkulietrainer\/innen des E\u00d6DL gewidmet. Die Arbeitsbl\u00e4tter k\u00f6nnen&nbsp;frei&nbsp;f\u00fcr den schulischen und au\u00dferschulischen Bereich oder f\u00fcr private Zwecke eingesetzt werden. Alle Rechte liegen bei den einzelnen Autor\/innen sowie bei der Dyslexia Research Center AG 2020. Eine weitere Ver\u00f6ffentlichung und Verwertung in jeglicher Form ist untersagt.<\/strong><br>https:\/\/arbeitsbl\u00e4tter.org\/index.php<\/p>\n\n\n\n<p><\/p>\n\n\n\n<p><strong>Bei Verlinkung externer Seiten gelten deren Copyright-Bestimmungen und deren Gesch\u00e4ftsbedingungen.<\/strong><\/p>\n","protected":false},"excerpt":{"rendered":"<p>Arbeitsmaterialien von ready2learn (Tanja Simons) Die Arbeitsbl\u00e4tter k\u00f6nnen&nbsp;frei&nbsp;f\u00fcr den schulischen und au\u00dferschulischen Bereich oder f\u00fcr private Zwecke eingesetzt werden. Alle Rechte liegen bei mir. Sie d\u00fcrfen die Materialien allerdings nicht kommerziel nutzen. Die Materialien auf den Seiten von ready2learn stehen &hellip; <\/p>\n","protected":false},"author":1,"featured_media":0,"parent":0,"menu_order":0,"comment_status":"closed","ping_status":"closed","template":"","meta":{"footnotes":""},"class_list":["post-451","page","type-page","status-publish","hentry"],"_links":{"self":[{"href":"http:\/\/ready2learn.de\/index.php?rest_route=\/wp\/v2\/pages\/451","targetHints":{"allow":["GET"]}}],"collection":[{"href":"http:\/\/ready2learn.de\/index.php?rest_route=\/wp\/v2\/pages"}],"about":[{"href":"http:\/\/ready2learn.de\/index.php?rest_route=\/wp\/v2\/types\/page"}],"author":[{"embeddable":true,"href":"http:\/\/ready2learn.de\/index.php?rest_route=\/wp\/v2\/users\/1"}],"replies":[{"embeddable":true,"href":"http:\/\/ready2learn.de\/index.php?rest_route=%2Fwp%2Fv2%2Fcomments&post=451"}],"version-history":[{"count":6,"href":"http:\/\/ready2learn.de\/index.php?rest_route=\/wp\/v2\/pages\/451\/revisions"}],"predecessor-version":[{"id":1083,"href":"http:\/\/ready2learn.de\/index.php?rest_route=\/wp\/v2\/pages\/451\/revisions\/1083"}],"wp:attachment":[{"href":"http:\/\/ready2learn.de\/index.php?rest_route=%2Fwp%2Fv2%2Fmedia&parent=451"}],"curies":[{"name":"wp","href":"https:\/\/api.w.org\/{rel}","templated":true}]}}